41172314 is divided by 49725.
14
What is the remainder when 45234181 is divided by 28?
13
Calculate the remainder when 624912 is divided by 9322.
338
What is the remainder when 231363 is divided by 1323?
1161
What is the remainder when 2293355 is divided by 3104?
2603
Calculate the remainder when 2169622 is divided by 240.
22
Calculate the remainder when 2107204 is divided by 3763.
3687
What is the remainder when 761 is divided by 30?
11
Calculate the remainder when 636562 is divided by 612.
82
Calculate the remainder when 425528 is divided by 26.
12
What is the remainder when 6457 is divided by 2343?
1771
Calculate the remainder when 1115210 is divided by 223038.
20
Calculate the remainder when 49423 is divided by 5939.
1911
Calculate the remainder when 76816 is divided by 120.
16
Calculate the remainder when 2610602 is divided by 6943.
34
What is the remainder when 266365 is divided by 8053?
616
What is the remainder when 28657 is divided by 4568?
1249
Calculate the remainder when 18789262 is divided by 18789161.
101
What is the remainder when 40621555 is divided by 649?
645
Calculate the remainder when 3057 is divided by 1498.
61
What is the remainder when 309180 is divided by 18?
12
Calculate the remainder when 26959 is divided by 13182.
595
Calculate the remainder when 910603 is divided by 113812.
107
Calculate the remainder when 340958831 is divided by 496.
495
What is the remainder when 308707 is divided by 3957?
61
What is the remainder when 3145325 is divided by 3145291?
34
What is the remainder when 841091 is divided by 29?
4
Calculate the remainder when 37414182 is divided by 126.
120
Calculate the remainder when 45354032 is divided by 1675.
57
Calculate the remainder when 10117683 is divided by 14.
9
Calculate the remainder when 5106981 is divided by 581.
572
What is the remainder when 8070743 is divided by 236?
15
Calculate the remainder when 39670 is divided by 2976.
982
Calculate the remainder when 1122307 is divided by 970.
17
Calculate the remainder when 2163158 is divided by 2082.
2042
What is the remainder when 30132463 is divided by 5680?
63
Calculate the remainder when 50621716 is divided by 6407.
9
Calculate the remainder when 2745478 is divided by 695.
228
What is the remainder when 842650 is divided by 84262?
30
What is the remainder when 1731501 is divided by 78703?
35
Calculate the remainder when 12873498 is divided by 1430328.
546
Calculate the remainder when 24954579 is divided by 1386365.
9
Calculate the remainder when 663397 is divided by 3220.
77
What is the remainder when 43856260 is divided by 16946?
12
What is the remainder when 2115346 is divided by 6277?
6274
What is the remainder when 140216 is divided by 2536?
736
Calculate the remainder when 1880156 is divided by 4114.
58
Calculate the remainder when 19881560 is divided by 1716.
1700
Calculate the remainder when 365142579 is divided by 802.
801
What is the remainder when 740508 is divided by 17630?
48
What is the remainder when 18428120 is divided by 2920?
0
Calculate the remainder when 255703 is divided by 127288.
1127
Calculate the remainder when 95452 is divided by 45877.
3698
Calculate the remainder when 304367 is divided by 693.
140
Calculate the remainder when 19172227 is divided by 1452.
19
What is the remainder when 1077621 is divided by 10877?
798
Calculate the remainder when 729223 is divided by 364603.
17
Calculate the remainder when 18859 is divided by 3108.
211
Calculate the remainder when 791901 is divided by 48.
45
Calculate the remainder when 683864 is divided by 34165.
564
Calculate the remainder when 534615 is divided by 106832.
455
Calculate the remainder when 1126693 is divided by 1126594.
99
Calculate the remainder when 754351 is divided by 37684.
671
Calculate the remainder when 3231809 is divided by 1615803.
203
What is the remainder when 49008 is divided by 2593?
2334
Calculate the remainder when 140020 is divided by 267.
112
What is the remainder when 262758 is divided by 3550?
58
What is the remainder when 132854 is divided by 2215?
2169
Calculate the remainder when 426771 is divided by 17.
3
What is the remainder when 183987 is divided by 3751?
188
Calculate the remainder when 19063 is divided by 380.
63
What is the remainder when 7490571 is divided by 37452?
171
Calculate the remainder when 46498 is divided by 8868.
2158
What is the remainder when 68910 is divided by 3824?
78
What is the remainder when 499675358 is divided by 35?
28
Calculate the remainder when 180462 is divided by 25779.
9
What is the remainder when 1737205 is divided by 38?
35
Calculate the remainder when 3050154 is divided by 1507.
1493
Calculate the remainder when 363979 is divided by 181912.
155
What is the remainder when 55218 is divided by 2508?
42
What is the remainder when 451606 is divided by 8063?
78
Calculate the remainder when 609237 is divided by 3506.
2699
Calculate the remainder when 81798 is divided by 436.
266
What is the remainder when 3455247 is divided by 3454963?
284
What is the remainder when 428490 is divided by 40?
10
What is the remainder when 18002390 is divided by 153?
104
Calculate the remainder when 81427741 is divided by 95.
11
What is the remainder when 809103 is divided by 2069?
124
Calculate the remainder when 9687022 is divided by 132.
70
What is the remainder when 1211464 is divided by 32741?
47
What is the remainder when 499768 is divided by 568?
496
What is the remainder when 15495062 is divided by 26?
24
Calculate the remainder when 365371 is divided by 365316.
55
What is the remainder when 6319241 is divided by 371?
369
Calculate the remainder when 407613 is divided by 407587.
26
What is the remainder when 743169 is divided by 743142?
27
Calculate the remainder when 10373618 is divided by 1584.
2
What is the remainder when 11635804 is divided by 58179?
4
What is the remainder when 511525 is divided by 2940?
2905
Calculate the remainder when 177667 is divided by 7611.
2614
Calculate the remainder when 2585013 is divided by 785.
8
What is the remainder when 8611779 is divided by 159477?
21
What is the remainder when 501342 is divided by 9122?
8754
What is the remainder when 266904 is divided by 88929?
117
Calculate the remainder when 436361 is divided by 436324.
37
Calculate the remainder when 30239 is divided by 14724.
791
Calculate the remainder when 4473867 is divided by 1096.
1091
Calculate the remainder when 582397 is divided by 56.
53
What is the remainder when 50213938 is divided by 7?
5
What is the remainder when 389439 is divided by 194563?
313
Calculate the remainder when 14634051 is divided by 3806.
3787
What is the remainder when 66307719 is divided by 70?
9
What is the remainder when 1215694 is divided by 6049?
5894
What is the remainder when 11584757 is divided by 147?
128
What is the remainder when 1920649 is divided by 34297?
17
Calculate the remainder when 57047094 is divided by 19015697.
3
Calculate the remainder when 922053 is divided by 131624.
685
Calculate the remainder when 6824296 is divided by 904.
0
What is the remainder when 100117 is divided by 33334?
115
Calculate the remainder when 1362257 is divided by 4338.
125
What is the remainder when 1487293 is divided by 21245?
143
Calculate the remainder when 1343341979 is divided by 5030.
5029
What is the remainder when 27580591 is divided by 4549?
4
Calculate the remainder when 1720380 is divided by 665.
25
Calculate the remainder when 13595288 is divided by 2719054.
18
What is the remainder when 256912 is divided by 56?
40
Calculate the remainder when 4560898 is divided by 28.
6
Calculate the remainder when 29585146 is divided by 823.
765
What is the remainder when 159223 is divided by 573?
502
What is the remainder when 10182 is divided by 5910?
4272
What is the remainder when 78701 is divided by 2316?
2273
What is the remainder when 2614958 is divided by 2?
0
What is the remainder when 1973881 is divided by 164470?
241
What is the remainder when 397536 is divided by 2125?
161
Calculate the remainder when 2384393 is divided by 32662.
67
Calculate the remainder when 5467734 is divided by 4553.
4134
What is the remainder when 1528338 is divided by 125?
88
Calculate the remainder when 270804 is divided by 5110.
5084
What is the remainder when 6390